 227, 25 = 5*b. Let u(m) = 104 - 53*m + 152*m + q*m - 93. Is u(6) prime?
True
Let p(b) be the third derivative of b**5/12 + b**4/6 - 17*b**3/6 - b**2. Let i(x) = 532*x - 2652. Let m be i(5). Is p(m) composite?
True
Suppose 45887109 = 197*v - 140*v. Is v prime?
True
Let y be (-32 + 4)/7 - -9. Suppose 4*x + y*x = 174483. Is x a composite number?
False
Let q(h) = -8536*h + 549. Is q(-22) composite?
True
Let p = -15045 - -21392. Let l = -1536 + p. Is l composite?
True
Let x(u) = 20*u**3 + 7*u**2 + 5*u - 9. Let a be x(6). Let s = -377 + -167. Let n = s + a. Is n a composite number?
False
Let r = 188835 + -86594. Is r prime?
True
Suppose 0 = 11*y - 7*y - 4*q + 24, 4*y - 5*q + 24 = 0. Is 515548/22*y/(-4) + -2 prime?
True
Let y(r) = r**2 + 28*r + 29. Let o be y(-27). Suppose o*p - 1130 = -48. Is p a composite number?
False
Let w be -192*(2 + 0)/(-4). Suppose 98*c - 9814 = w*c. Is c prime?
False
Let p = -53715 + 79276. Is p composite?
False
Suppose 0 = l - 19 - 11. Suppose 0 = l*a - 25*a - 5410. Is a composite?
True
Let g(c) = -1414*c**3 - 2*c**2 - 44*c - 323. Is g(-6) prime?
False
Suppose -3*w = 34*w - 4085947. Let i = w + -68760. Is i a composite number?
True
Let o = 3854 + -5810. Let z = 2875 + o. Suppose 3 = 5*n - 2, z = j + 2*n. Is j a composite number?
True
Suppose -4*h - c = -3*h + 1456, c = -4*h - 5830. Let y = h - 1652. Let j = -1459 - y. Is j a prime number?
False
Suppose -s + 5*p - 425 = -81899, 0 = -4*s + 2*p + 325806. Is s composite?
True
Let n(l) = -3*l + 88. Let g be n(27). Suppose -g*d = -8*d + z + 2920, 14609 = 5*d + 4*z. Is d prime?
False
Let o(a) be the first derivative of -29*a**2 - 16*a + 122. Is o(-5) composite?
True
Let l be (-3 - -1)/(2/(-4)). Suppose -3*g = l*c - 5, -4*c + 3 = 4*g + g. Is g/((-4)/(-14) - 2949/10297) composite?
False
Let a = -3826 + 9220. Suppose -2*w + a = 2*p, p - 2*w + 10792 = 5*p. Is p composite?
False
Suppose 4*k - 7 = -f + k, 13 = 3*f + 5*k. Is ((-4582)/2)/(8 - 9/f) a composite number?
True
Suppose 8*l = 9*l - 5. Suppose -19 = -l*s + 41. Is s + -9 - (-55 - 1) composite?
False
Let v(d) = d - 17 + 21 + 8 - 2*d. Let p be v(8). Suppose 2*f = f + l + 1115, 5*f - 5577 = p*l. Is f prime?
True
Is (27/36)/(-1*(-2)/291784) composite?
True
Let u(n) be the third derivative of -n**6/24 - n**5/12 + n**4/6 + 3*n**3/2 + 2*n**2. Let v be u(-6). Let m = v - 472. Is m composite?
True
Let c = 424294 + -213315. Is c composite?
True
Let c(f) = 297*f**2 - 5 - 21*f + 259*f**2 + 6. Is c(4) composite?
True
Let q(i) = -93560*i - 459. Is q(-4) a prime number?
False
Suppose -7 + 87 = -5*r. Let q be (14 - -1)/(r/(-5680)). Let v = -934 + q. Is v a prime number?
True
Suppose -6*d + 317 = 293. Suppose -d*g = -11*g + 469. Is g a prime number?
True
Suppose 2*j - 11319 = 4*j - a, -6 = -2*a. Let n be ((-6)/9)/(4/j). Suppose -2*u + n = -d, 2*u - 953 = 3*d - 0*d. Is u prime?
False
Let t(y) = y**3 + 3*y**2 - 5*y - 8. Let g be t(-4). Let z = g + 6. Suppose z*m = m + 443. Is m a composite number?
False
Is (2 - 48/30) + 21969/15 a composite number?
True
Suppose b - r - 37750 = 0, -69*b - r + 75509 = -67*b. Is b prime?
False
Suppose -6*j + 705 + 297 = 0. Suppose -j*r = -162*r - 54895. Is r composite?
False
Is -4*(-5 + 212358/(-4)) - -5 prime?
True
Is (106487/(-4))/(119/(-3332)) a prime number?
False
Let r be (-11 - -5)/((-42)/(-6))*63. Is (-207009)/r - 2*3/12 a prime number?
True
Let b = 31243 + -9656. Is b a prime number?
True
Suppose -16 = 13*n + 10. Let r(q) = 839*q**2 - 6*q - 3. Is r(n) prime?
False
Suppose -5*u + u - 16 = 0, 5*l - 35 = 5*u. Suppose 5*c - l*a = c + 24, 3*a = -12. Suppose 0 = -4*v + c*v + 4, 3*p = 5*v + 2917. Is p a composite number?
True
Suppose 0 = -3*d + 4*i + 15, 3*i + 2 = d - 3. Suppose -2*f + 23851 = d*l, -l + 3*l - 3*f - 9548 = 0. Is l composite?
True
Suppose 4*s + 2*f - 22 = 0, -f = 3*s + s - 19. Suppose -2*k + 4*p + 1468 = 0, -s*p - 1889 - 313 = -3*k. Suppose -k = -2*d + 1068. Is d a composite number?
True
Let b = 69717 - 35430. Let v = b + -12140. Is v a prime number?
True
Let l(f) = -f**3 + 23*f**2 - 27*f - 34. Let g be l(24). Let s = 2101 - g. Is s a prime number?
True
Suppose -392855 = -3*y + 4*n, y - n - 195996 + 65043 = 0. Is y a composite number?
False
Suppose r = 10*r + 36. Is (-7 + 3 + -15214)/(2 + r) composite?
True
Let s(p) = -2559*p + 2*p**2 + 1293*p + 1286*p - 10 + p**3. Is s(5) composite?
True
Let z(a) = -45*a - 7. Let t(n) = -4*n**2 + 44*n + 25 - 47*n - 9*n**2 + n**3. Let f be t(13). Is z(f) composite?
True
Let y(x) = 221*x**2 - 68*x + 4844. Is y(-107) composite?
True
Let c be -3 + (-3166)/(-4*4/8). Let n = c - 361. Let j = -722 + n. Is j prime?
False
Suppose -3*n - 4*h + 36867 = 0, -h = 2*n - 3*h - 24578. Is n prime?
True
Suppose 1334583 - 114237 = 45*w - 146619. Is w composite?
True
Is -4*((-36264)/16)/(15/(-33) + 1) a prime number?
False
Let r = -16301 - -33924. Is r prime?
True
Is 99767169/3825 - (-4)/50 a prime number?
True
Suppose -3*i - 5*c = -84 - 0, 2*i + c - 49 = 0. Let o = 32 - i. Is ((-86)/(-6))/(1/o) a composite number?
True
Suppose -10941807 - 22761004 - 10470980 = -93*i. Is i prime?
False
Let i(c) = -18879*c**3 + 28*c**2 + 41*c + 7. Is i(-3) prime?
False
Suppose -26592*c + 812422 = -26590*c. Is c a prime number?
False
Suppose -41*j + 245*j + 94*j - 486501986 = 0. Is j prime?
True
Suppose 0 = -39*d + 1587378 + 169689. Is d a composite number?
False
Let p = -8 + 16. Suppose p*o - 9*o + 721 = 0. Suppose -4*k + 2940 = 2*q - 0*q, -o = -k - 4*q. Is k a composite number?
True
Suppose -3*w - 2*w = y - 21910, 65682 = 3*y - w. Suppose 5*x - 2*q - y = 3*q, -21907 = -5*x - q. Is x prime?
False
Let m = 52 + -166. Let o = 129 + m. Let y(q) = 11*q - 24. Is y(o) a composite number?
True
Let m(d) = -21*d**3 - 14*d**2 + 37*d + 11. Is m(-9) a composite number?
True
Let k(c) = -c**2 + 14*c + 2. Let f be k(14). Suppose f*h = -3*n + 68565, 4*n + 7*h - 6*h = 91415. Is n prime?
True
Let l(f) = -20657*f**3 - 16*f**2 - 15*f + 23. Is l(-3) prime?
True
Is (-2476722)/(-4) + ((-46)/253)/((-12)/33) composite?
False
Let u = 252 + -252. Suppose 97*k - 88*k - 9783 = u. Is k prime?
True
Suppose 0*a - 2867100 = -89*a + 5422271. Is a composite?
False
Let q = 2 + 9. Let o = q - 18. Is 358435/44 - (1 + o/4) a prime number?
True
Suppose -18 = -3*c + 4*z, -3*c + 5 = c + z. Suppose -2*y + 6*t = t - 6449, y + c*t - 3247 = 0. Suppose -2*i + s - 1079 = -3*i, 5*s - y = -3*i. Is i composite?
True
Suppose -3449946 - 1543726 = -15*f + 931643. Is f prime?
False
Let y = 2 + -2. Let p(j) = -3*j**2 - 2*j + 60. Let o be p(0). Is ((-330)/o)/((-1)/62 + y) composite?
True
Suppose -126*s - 143176 = -137*s. Suppose -4*w - 38963 = -3*f - 2*w, -f = 5*w - s. Is f composite?
True
Let n(l) = -302*l + 260. Let k(w) = -61*w + 52. Let s(i) = -11*k(i) + 2*n(i). Is s(11) composite?
True
Let u(i) = 4036*i + 4 + 20203*i - 1 - 2279*i. Let c be u(1). Suppose -8*n + c + 6541 = 0. Is n a composite number?
True
Let x(q) = -1082*q + 135. Is x(-47) prime?
True
Let x(b) = 44*b - 57. Let g = 71 + -64. Is x(g) prime?
True
Suppose -84*p + 74*p = -172030. Is p a composite number?
False
Suppose 3*u - 72047 = -4*g, 17053 = g - 2*u - 956. Let d = g - 10300. Is d composite?
True
Suppose -34 = -2*z - 30. Suppose -z*h = 1 + 11. Is (-1)/2*(h*3163)/3 a prime number?
True
Let v(f) = f**3 + 7*f**2 - 24*f - 16. Let u be v(-9). Suppose 39*o = u*o + 3607. Is o a prime number?
True
Let n(p) = -17*p**3 + 36*p**2 + 39*p - 333. Is n(-31) a composite number?
False
Let c(b) = 2*b**3 + 13*b**2 + 8*b + 25. Let l be c(-6). Let p(n) = 2*n**3 - 11*n**2 - 14*n + 18. Is p(l) prime?
True
Let x(u) = -4593*u - 39. Let p be x(4). Let c = -12632 - p. Is c prime?
True
Let z be 1/4*40/10. Let g be (-3)/(-2)*(z - 0 - 3). Is (12/g - -17)*5 a prime number?
False
Let i = 15 + -4. Let g(x) = x**3 + 13*x**2 - 13*x + 18. Let s be g(-10). Suppose 0 = i*z - 12961 - s. Is z prime?
False
Let w be -2 + -1 + -2 + -7592. Let m = 13560 + w. Suppose u - l + m = 3*u, -5*u = -3*l - 14902. Is u a prime number?
False
Suppose -4*t - t = -2*o + 523794, 1047652 = 4*o - 2*t. Is o prime?
True
Let v be 2 - (-1 + 3) - -2. Let d be -1 + 9808 - (2 - 8)/v. Suppose x + 3*x = o + d, 5*x + 3*o - 12271 = 0. Is x a composite number?
True
Suppose -23*b - 2056 = -24*b. Suppose -317*q = -321*q + b. Is q a prime number?
False
Let a be (-1